{"id":738,"date":"2012-03-07T00:25:56","date_gmt":"2012-03-07T00:25:56","guid":{"rendered":"http:\/\/luposan.d250.hu\/luposan\/?page_id=738"},"modified":"2012-03-12T02:02:10","modified_gmt":"2012-03-12T02:02:10","slug":"josera-basic-line-lambrice","status":"publish","type":"page","link":"https:\/\/luposan.d250.hu\/luposan\/josera\/josera-basic-line-lambrice\/","title":{"rendered":"Basic Line Lamb&#038;Rice"},"content":{"rendered":"<div id=\"main\">\n<div id=\"tartalom\">\n<p style=\"text-align: justify;\"><img loading=\"lazy\" class=\"alignright size-full wp-image-709\" title=\"josera basic line 05 lamb\" src=\"http:\/\/luposan.d250.hu\/wp-content\/uploads\/2012\/03\/josera-basic-line-05-lamb.jpg\" alt=\"\" width=\"85\" height=\"200\" \/><\/p>\n<p style=\"text-align: justify;\">Az \u00faj PURE LAMB &amp; RICE val\u00f3di min\u00f4s\u00e9get k\u00e9pvisel a BASIC LINE vonalon bel\u00fcl. Gondosan kiv\u00e1lasztott alapanyagokb\u00f3l k\u00e9sz\u00fcl. F\u00f4 feh\u00e9rjeforr\u00e1sk\u00e9nt 100%-ban b\u00e1r\u00e1nyh\u00fast, sz\u00e9nhidr\u00e1tforr\u00e1sk\u00e9nt k\u00f6nnyen em\u00e9szthet\u00f4 rizst tartalmaz. Feh\u00e9rjeallergi\u00e1s kuty\u00e1k is j\u00f3l hasznos\u00edtj\u00e1k. A benne tal\u00e1lhat\u00f3 \u00e9leszt\u00f4 t\u00e1mogatja\u00a0az em\u00e9szt\u00f4rendszert \u00e9s seg\u00edti a t\u00e1panyagok hat\u00e9konyabb felsz\u00edv\u00f3d\u00e1s\u00e1t.<\/p>\n<p>A PURE LAMB &amp; RICE k\u00edm\u00e9l\u00f4 sz\u00e1raz eledel, amely \u00e1tlagos \u00e9s nagy mozg\u00e1sig\u00e9ny\u00fb<br \/>\nkuty\u00e1knak egyar\u00e1nt adhat\u00f3.<br \/>\n<strong>\u00d6sszet\u00e9tel:<\/strong><br \/>\nb\u00e1r\u00e1nyh\u00fasliszt, rizs, kukorica, kukoricaliszt,<br \/>\n\u00e9leszt\u00f4, r\u00e9pap\u00e9p, \u00e1sv\u00e1nyi anyag<\/p>\n<p>&nbsp;<\/p>\n<p><strong>Etet\u00e9si \u00fatmutat\u00f3<\/strong><\/p>\n<p>&nbsp;<\/p>\n<table border=\"1\" cellspacing=\"0\" cellpadding=\"0\">\n<tbody>\n<tr>\n<td width=\"195\"><strong>Kifejlett kori testt\u00f6meg<\/strong><\/td>\n<td width=\"201\"><strong>Aj\u00e1nlott mennyis\u00e9g\/nap<\/strong><\/td>\n<\/tr>\n<tr>\n<td valign=\"top\" width=\"195\">5kg<\/td>\n<td valign=\"top\" width=\"201\">80-100g<\/td>\n<\/tr>\n<tr>\n<td valign=\"top\" width=\"195\">10kg<\/td>\n<td valign=\"top\" width=\"201\">125-165g<\/td>\n<\/tr>\n<tr>\n<td valign=\"top\" width=\"195\">20kg<\/td>\n<td valign=\"top\" width=\"201\">200-260g<\/td>\n<\/tr>\n<tr>\n<td valign=\"top\" width=\"195\">35kg<\/td>\n<td valign=\"top\" width=\"201\">290-390g<\/td>\n<\/tr>\n<tr>\n<td valign=\"top\" width=\"195\">60kg<\/td>\n<td valign=\"top\" width=\"201\">420-560g<\/td>\n<\/tr>\n<tr>\n<td valign=\"top\" width=\"195\">80kg<\/td>\n<td valign=\"top\" width=\"201\">510-670g<\/td>\n<\/tr>\n<\/tbody>\n<\/table>\n<p>&nbsp;<\/p>\n<p align=\"center\">\n<p align=\"left\"><strong>\u00d6sszetev\u0151k<\/strong><\/p>\n<p align=\"center\">\n<table width=\"576\" border=\"1\" cellspacing=\"0\" cellpadding=\"0\">\n<tbody>\n<tr>\n<td width=\"296\"><strong>Szerep\u00fck<\/strong><\/td>\n<td width=\"156\"><strong>Alkot\u00f3r\u00e9szek<\/strong><\/td>\n<td width=\"42\"><strong>%<\/strong><\/td>\n<td width=\"81\"><strong>Pure Lamb&amp;Rice<\/strong><\/td>\n<\/tr>\n<tr>\n<td valign=\"top\" width=\"296\">N\u00f6veked\u00e9s, mozg\u00e1s, regener\u00e1ci\u00f3<\/td>\n<td valign=\"top\" width=\"156\">Nyers feh\u00e9rje<\/td>\n<td valign=\"top\" width=\"42\">%<\/td>\n<td valign=\"top\" width=\"81\">21,0<\/td>\n<\/tr>\n<tr>\n<td valign=\"top\" width=\"296\">Sz\u00e9p, er\u0151s sz\u0151rzet, eg\u00e9szs\u00e9ges b\u0151r<\/td>\n<td valign=\"top\" width=\"156\">Zs\u00edr ( \u00e9ter kivonat)<\/td>\n<td valign=\"top\" width=\"42\">%<\/td>\n<td valign=\"top\" width=\"81\">11,0<\/td>\n<\/tr>\n<tr>\n<td valign=\"top\" width=\"296\">Em\u00e9szt\u00e9s<\/td>\n<td valign=\"top\" width=\"156\">Nyers rost<\/td>\n<td valign=\"top\" width=\"42\">%<\/td>\n<td valign=\"top\" width=\"81\">3,0<\/td>\n<\/tr>\n<tr>\n<td valign=\"top\" width=\"296\">\u00c1sv\u00e1nyi anyag ell\u00e1t\u00e1s<\/td>\n<td valign=\"top\" width=\"156\">Nyers hamu<\/td>\n<td valign=\"top\" width=\"42\">%<\/td>\n<td valign=\"top\" width=\"81\">8,0<\/td>\n<\/tr>\n<tr>\n<td valign=\"top\" width=\"296\">Csontok, fogazat, v\u00e9ralvad\u00e1s, idegrendszer<\/td>\n<td valign=\"top\" width=\"156\">K\u00e1lcium<\/td>\n<td valign=\"top\" width=\"42\">%<\/td>\n<td valign=\"top\" width=\"81\">1,8<\/td>\n<\/tr>\n<tr>\n<td valign=\"top\" width=\"296\">Csontok, fogazat, mozg\u00e1s<\/td>\n<td valign=\"top\" width=\"156\">Foszfor<\/td>\n<td valign=\"top\" width=\"42\">%<\/td>\n<td valign=\"top\" width=\"81\">1,1<\/td>\n<\/tr>\n<tr>\n<td valign=\"top\" width=\"296\">&nbsp;<\/td>\n<td width=\"156\"><strong>Vitamintartalom\/ kg<\/strong><\/td>\n<td colspan=\"2\" valign=\"top\" width=\"124\">&nbsp;<\/td>\n<\/tr>\n<tr>\n<td valign=\"top\" width=\"296\">L\u00e1t\u00e1s, fertilit\u00e1s, ellen\u00e1ll\u00f3k\u00e9pess\u00e9g<\/td>\n<td valign=\"top\" width=\"156\">A<\/td>\n<td valign=\"top\" width=\"42\">I.E<\/td>\n<td valign=\"top\" width=\"81\">18000<\/td>\n<\/tr>\n<tr>\n<td valign=\"top\" width=\"296\">\u00c1sv\u00e1nyi anyag egyens\u00faly<\/td>\n<td valign=\"top\" width=\"156\">D3<\/td>\n<td valign=\"top\" width=\"42\">I.E<\/td>\n<td valign=\"top\" width=\"81\">1800<\/td>\n<\/tr>\n<tr>\n<td valign=\"top\" width=\"296\">Mozg\u00e1s, reprodukci\u00f3<\/td>\n<td valign=\"top\" width=\"156\">E<\/td>\n<td valign=\"top\" width=\"42\">mg<\/td>\n<td valign=\"top\" width=\"81\">180,0<\/td>\n<\/tr>\n<tr>\n<td valign=\"top\" width=\"296\">Idegrendszer, metabolikus energia<\/td>\n<td valign=\"top\" width=\"156\">B1<\/td>\n<td valign=\"top\" width=\"42\">mg<\/td>\n<td valign=\"top\" width=\"81\">10,0<\/td>\n<\/tr>\n<tr>\n<td valign=\"top\" width=\"296\">N\u00f6veked\u00e9s, em\u00e9szt\u00e9s<\/td>\n<td valign=\"top\" width=\"156\">B2<\/td>\n<td valign=\"top\" width=\"42\">mg<\/td>\n<td valign=\"top\" width=\"81\">15,0<\/td>\n<\/tr>\n<tr>\n<td valign=\"top\" width=\"296\">N\u00f6veked\u00e9s, izomfejl\u0151d\u00e9s, idegrendszer<\/td>\n<td valign=\"top\" width=\"156\">B6<\/td>\n<td valign=\"top\" width=\"42\">mg<\/td>\n<td valign=\"top\" width=\"81\">15,0<\/td>\n<\/tr>\n<tr>\n<td valign=\"top\" width=\"296\">V\u00e9rk\u00e9pz\u00e9s, n\u00f6veked\u00e9s, anyagcsere<\/td>\n<td valign=\"top\" width=\"156\">B12<\/td>\n<td valign=\"top\" width=\"42\">mcg<\/td>\n<td valign=\"top\" width=\"81\">70,0<\/td>\n<\/tr>\n<tr>\n<td valign=\"top\" width=\"296\">Immunrendszer,v\u00e9rk\u00e9pz\u00e9s<\/td>\n<td valign=\"top\" width=\"156\">Folsav<\/td>\n<td valign=\"top\" width=\"42\">mg<\/td>\n<td valign=\"top\" width=\"81\">5,0<\/td>\n<\/tr>\n<tr>\n<td valign=\"top\" width=\"296\">Ellen\u00e1ll\u00f3k\u00e9pess\u00e9g, anyagcsere<\/td>\n<td valign=\"top\" width=\"156\">Ca-d- Pantoten\u00e1t<\/td>\n<td valign=\"top\" width=\"42\">mg<\/td>\n<td valign=\"top\" width=\"81\">80,0<\/td>\n<\/tr>\n<tr>\n<td valign=\"top\" width=\"296\">B\u0151r, em\u00e9szt\u00e9s, metabolikus energia<\/td>\n<td valign=\"top\" width=\"156\">Niacin<\/td>\n<td valign=\"top\" width=\"42\">mg<\/td>\n<td valign=\"top\" width=\"81\">60,0<\/td>\n<\/tr>\n<tr>\n<td valign=\"top\" width=\"296\">Eg\u00e9szs\u00e9ges, f\u00e9nyl\u0151 sz\u0151rzet<\/td>\n<td valign=\"top\" width=\"156\">Biotin<\/td>\n<td valign=\"top\" width=\"42\">mcg<\/td>\n<td valign=\"top\" width=\"81\">800,0<\/td>\n<\/tr>\n<tr>\n<td valign=\"top\" width=\"296\">&nbsp;<\/td>\n<td width=\"156\"><strong>Nyomelem\/ kg<\/strong><\/td>\n<td colspan=\"2\" valign=\"top\" width=\"124\">&nbsp;<\/td>\n<\/tr>\n<tr>\n<td valign=\"top\" width=\"296\">V\u00e9rk\u00e9pz\u00e9s, l\u00e9gz\u00e9s<\/td>\n<td valign=\"top\" width=\"156\">Vas<\/td>\n<td valign=\"top\" width=\"42\">mg<\/td>\n<td valign=\"top\" width=\"81\">180,0<\/td>\n<\/tr>\n<tr>\n<td valign=\"top\" width=\"296\">Eg\u00e9szs\u00e9ges b\u0151r, l\u00e1t\u00e1s, anyagcsere<\/td>\n<td valign=\"top\" width=\"156\">Cink<\/td>\n<td valign=\"top\" width=\"42\">mg<\/td>\n<td valign=\"top\" width=\"81\">160,0<\/td>\n<\/tr>\n<tr>\n<td valign=\"top\" width=\"296\">F\u00e9nyes sz\u0151r, er\u0151s csontok, anyagcsere<\/td>\n<td valign=\"top\" width=\"156\">Mang\u00e1n<\/td>\n<td valign=\"top\" width=\"42\">mg<\/td>\n<td valign=\"top\" width=\"81\">15,0<\/td>\n<\/tr>\n<tr>\n<td valign=\"top\" width=\"296\">V\u00e9rk\u00e9pz\u00e9s, eg\u00e9szs\u00e9ges b\u0151r<\/td>\n<td valign=\"top\" width=\"156\">R\u00e9z<\/td>\n<td valign=\"top\" width=\"42\">mg<\/td>\n<td valign=\"top\" width=\"81\">15,0<\/td>\n<\/tr>\n<tr>\n<td valign=\"top\" width=\"296\">Thyroid<\/td>\n<td valign=\"top\" width=\"156\">J\u00f3d<\/td>\n<td valign=\"top\" width=\"42\">mg<\/td>\n<td valign=\"top\" width=\"81\">2,0<\/td>\n<\/tr>\n<tr>\n<td valign=\"top\" width=\"296\">Izomzat<\/td>\n<td valign=\"top\" width=\"156\">Szel\u00e9n<\/td>\n<td valign=\"top\" width=\"42\">mg<\/td>\n<td valign=\"top\" width=\"81\">0,25<\/td>\n<\/tr>\n<\/tbody>\n<\/table>\n<p align=\"center\">\n<p align=\"center\">\n<\/div>\n<div id=\"jobb\">\n<p>&nbsp;<\/p>\n<p>&nbsp;<\/p>\n<p>&nbsp;<\/p>\n<p>&nbsp;<\/p>\n<p>&nbsp;<\/p>\n<\/div>\n<\/div>\n","protected":false},"excerpt":{"rendered":"<p>Az \u00faj PURE LAMB &amp; RICE val\u00f3di min\u00f4s\u00e9get k\u00e9pvisel a BASIC LINE vonalon bel\u00fcl. Gondosan kiv\u00e1lasztott alapanyagokb\u00f3l k\u00e9sz\u00fcl. F\u00f4 feh\u00e9rjeforr\u00e1sk\u00e9nt 100%-ban b\u00e1r\u00e1nyh\u00fast, sz\u00e9nhidr\u00e1tforr\u00e1sk\u00e9nt k\u00f6nnyen em\u00e9szthet\u00f4 rizst tartalmaz. Feh\u00e9rjeallergi\u00e1s kuty\u00e1k is j\u00f3l hasznos\u00edtj\u00e1k. A benne tal\u00e1lhat\u00f3 \u00e9leszt\u00f4 t\u00e1mogatja\u00a0az em\u00e9szt\u00f4rendszert \u00e9s seg\u00edti a t\u00e1panyagok hat\u00e9konyabb felsz\u00edv\u00f3d\u00e1s\u00e1t. A PURE LAMB &amp; RICE k\u00edm\u00e9l\u00f4 sz\u00e1raz eledel, amely \u00e1tlagos \u00e9s &hellip; <\/p>\n<p><a class=\"more-link block-button\" href=\"https:\/\/luposan.d250.hu\/luposan\/josera\/josera-basic-line-lambrice\/\">Olvass tov\u00e1bb &raquo;<\/a><\/p>\n","protected":false},"author":1,"featured_media":709,"parent":372,"menu_order":5,"comment_status":"closed","ping_status":"closed","template":"","meta":[],"_links":{"self":[{"href":"https:\/\/luposan.d250.hu\/luposan\/wp-json\/wp\/v2\/pages\/738"}],"collection":[{"href":"https:\/\/luposan.d250.hu\/luposan\/wp-json\/wp\/v2\/pages"}],"about":[{"href":"https:\/\/luposan.d250.hu\/luposan\/wp-json\/wp\/v2\/types\/page"}],"author":[{"embeddable":true,"href":"https:\/\/luposan.d250.hu\/luposan\/wp-json\/wp\/v2\/users\/1"}],"replies":[{"embeddable":true,"href":"https:\/\/luposan.d250.hu\/luposan\/wp-json\/wp\/v2\/comments?post=738"}],"version-history":[{"count":5,"href":"https:\/\/luposan.d250.hu\/luposan\/wp-json\/wp\/v2\/pages\/738\/revisions"}],"predecessor-version":[{"id":740,"href":"https:\/\/luposan.d250.hu\/luposan\/wp-json\/wp\/v2\/pages\/738\/revisions\/740"}],"up":[{"embeddable":true,"href":"https:\/\/luposan.d250.hu\/luposan\/wp-json\/wp\/v2\/pages\/372"}],"wp:featuredmedia":[{"embeddable":true,"href":"https:\/\/luposan.d250.hu\/luposan\/wp-json\/wp\/v2\/media\/709"}],"wp:attachment":[{"href":"https:\/\/luposan.d250.hu\/luposan\/wp-json\/wp\/v2\/media?parent=738"}],"curies":[{"name":"wp","href":"https:\/\/api.w.org\/{rel}","templated":true}]}}