{"id":641,"date":"2012-03-06T19:16:55","date_gmt":"2012-03-06T19:16:55","guid":{"rendered":"http:\/\/luposan.d250.hu\/luposan\/?page_id=641"},"modified":"2012-03-12T01:35:26","modified_gmt":"2012-03-12T01:35:26","slug":"josera-active","status":"publish","type":"page","link":"https:\/\/luposan.d250.hu\/luposan\/josera\/josera-active\/","title":{"rendered":"Basic Line Active"},"content":{"rendered":"<p style=\"text-align: justify;\"><img loading=\"lazy\" class=\"alignright size-full wp-image-707\" title=\"josera basic line 03 active\" src=\"http:\/\/luposan.d250.hu\/wp-content\/uploads\/2012\/03\/josera-basic-line-03-active.jpg\" alt=\"\" width=\"85\" height=\"200\" \/>Az AKTIVE a t\u00f6k\u00e9letes v\u00e1laszt\u00e1s a nagy mozg\u00e1sig\u00e9ny\u0171 kuty\u00e1knak. A kukorica, h\u00fas \u00e9s rizs megfelel\u0151 ar\u00e1nya r\u00e9v\u00e9n k\u00f6nny\u0171, ugyanakkor a kutya minden ig\u00e9ny\u00e9t kiel\u00e9g\u00edt\u0151 t\u00e1pl\u00e1l\u00f3anyag- \u00e9s energiatartalm\u00fa etet\u00e9sre k\u00e9sz t\u00e1p.<\/p>\n<p><strong>\u00d6sszet\u00e9tel:<\/strong>\u00a0baromfih\u00fasliszt (\u226525% csirkeh\u00fas), kukorica, rizs, kukoricaliszt, baromfizs\u00edr, r\u00e9pap\u00e9p, \u00e1sv\u00e1nyi anyagok<\/p>\n<p>&nbsp;<\/p>\n<p><strong>Etet\u00e9si \u00fatmutat\u00f3<\/strong><\/p>\n<p>&nbsp;<\/p>\n<table border=\"1\" cellspacing=\"0\" cellpadding=\"0\">\n<tbody>\n<tr>\n<td valign=\"top\" width=\"170\"><strong>Kifejlett kori testt\u00f6meg<\/strong><\/td>\n<td valign=\"top\" width=\"170\"><strong>Aj\u00e1nlott mennyis\u00e9g\/nap<\/strong><\/td>\n<\/tr>\n<tr>\n<td valign=\"top\" width=\"170\">5kg<\/td>\n<td valign=\"top\" width=\"170\">90-110g<\/td>\n<\/tr>\n<tr>\n<td valign=\"top\" width=\"170\">10kg<\/td>\n<td valign=\"top\" width=\"170\">140-170g<\/td>\n<\/tr>\n<tr>\n<td valign=\"top\" width=\"170\">20kg<\/td>\n<td valign=\"top\" width=\"170\">210-270g<\/td>\n<\/tr>\n<tr>\n<td valign=\"top\" width=\"170\">35kg<\/td>\n<td valign=\"top\" width=\"170\">310-390g<\/td>\n<\/tr>\n<tr>\n<td valign=\"top\" width=\"170\">60kg<\/td>\n<td valign=\"top\" width=\"170\">440-560g<\/td>\n<\/tr>\n<tr>\n<td valign=\"top\" width=\"170\">80kg<\/td>\n<td valign=\"top\" width=\"170\">530-680g<\/td>\n<\/tr>\n<\/tbody>\n<\/table>\n<p>&nbsp;<\/p>\n<p align=\"center\">\n<p align=\"left\"><strong>\u00d6sszetev\u0151k<\/strong><\/p>\n<p align=\"center\">\n<table border=\"1\" cellspacing=\"0\" cellpadding=\"0\">\n<tbody>\n<tr>\n<td valign=\"top\" width=\"149\"><strong>Szerep\u00fck<\/strong><\/td>\n<td colspan=\"2\" valign=\"top\" width=\"149\"><strong>Alkot\u00f3r\u00e9szek<\/strong><\/td>\n<td colspan=\"2\" valign=\"top\" width=\"149\"><strong>%<\/strong><\/td>\n<td valign=\"top\" width=\"149\"><strong>Aktive<\/strong><\/td>\n<\/tr>\n<tr>\n<td valign=\"top\" width=\"149\">N\u00f6veked\u00e9s, mozg\u00e1s, regener\u00e1ci\u00f3<\/td>\n<td colspan=\"2\" valign=\"top\" width=\"149\">Nyers feh\u00e9rje<\/td>\n<td colspan=\"2\" valign=\"top\" width=\"149\">%<\/td>\n<td valign=\"top\" width=\"149\">25,0<\/td>\n<\/tr>\n<tr>\n<td valign=\"top\" width=\"149\">Sz\u00e9p, er\u0151s sz\u0151rzet, eg\u00e9szs\u00e9ges b\u0151r<\/td>\n<td colspan=\"2\" valign=\"top\" width=\"149\">Zs\u00edr ( \u00e9ter kivonat)<\/td>\n<td colspan=\"2\" valign=\"top\" width=\"149\">%<\/td>\n<td valign=\"top\" width=\"149\">17,0<\/td>\n<\/tr>\n<tr>\n<td valign=\"top\" width=\"149\">Em\u00e9szt\u00e9s<\/td>\n<td colspan=\"2\" valign=\"top\" width=\"149\">Nyers rost<\/td>\n<td colspan=\"2\" valign=\"top\" width=\"149\">%<\/td>\n<td valign=\"top\" width=\"149\">2,50<\/td>\n<\/tr>\n<tr>\n<td valign=\"top\" width=\"149\">\u00c1sv\u00e1nyi anyag ell\u00e1t\u00e1s<\/td>\n<td colspan=\"2\" valign=\"top\" width=\"149\">Nyers hamu<\/td>\n<td colspan=\"2\" valign=\"top\" width=\"149\">%<\/td>\n<td valign=\"top\" width=\"149\">7,0<\/td>\n<\/tr>\n<tr>\n<td valign=\"top\" width=\"149\">Csontok, fogazat, v\u00e9ralvad\u00e1s, idegrendszer<\/td>\n<td colspan=\"2\" valign=\"top\" width=\"149\">K\u00e1lcium<\/td>\n<td colspan=\"2\" valign=\"top\" width=\"149\">%<\/td>\n<td valign=\"top\" width=\"149\">1,40<\/td>\n<\/tr>\n<tr>\n<td valign=\"top\" width=\"149\">Csontok, fogazat, mozg\u00e1s<\/td>\n<td colspan=\"2\" valign=\"top\" width=\"149\">Foszfor<\/td>\n<td colspan=\"2\" valign=\"top\" width=\"149\">%<\/td>\n<td valign=\"top\" width=\"149\">1,00<\/td>\n<\/tr>\n<tr>\n<td valign=\"top\" width=\"149\">V\u00edz \u00e9s elektrolit h\u00e1ztart\u00e1s egyens\u00falya<\/td>\n<td colspan=\"2\" valign=\"top\" width=\"149\">N\u00e1trium<\/td>\n<td colspan=\"2\" valign=\"top\" width=\"149\">%<\/td>\n<td valign=\"top\" width=\"149\">0,40<\/td>\n<\/tr>\n<tr>\n<td valign=\"top\" width=\"149\">Izomzat \u00e9s idegrendszer<\/td>\n<td colspan=\"2\" valign=\"top\" width=\"149\">Magn\u00e9zium<\/td>\n<td colspan=\"2\" valign=\"top\" width=\"149\">%<\/td>\n<td valign=\"top\" width=\"149\">0,12<\/td>\n<\/tr>\n<tr>\n<td colspan=\"2\" valign=\"top\" width=\"199\">Metaboliz\u00e1lhat\u00f3 energia<\/td>\n<td colspan=\"2\" valign=\"top\" width=\"199\">MJ\/kg<\/td>\n<td colspan=\"2\" valign=\"top\" width=\"199\">15,9<\/td>\n<\/tr>\n<tr>\n<td colspan=\"6\" valign=\"top\" width=\"598\"><strong>Vitamin tartalom\/ kg<\/strong><\/td>\n<\/tr>\n<tr>\n<td valign=\"top\" width=\"149\">L\u00e1t\u00e1s, fertilit\u00e1s, ellen\u00e1ll\u00f3k\u00e9pess\u00e9g<\/td>\n<td colspan=\"2\" valign=\"top\" width=\"149\">A<\/td>\n<td colspan=\"2\" valign=\"top\" width=\"149\">I.E<\/td>\n<td valign=\"top\" width=\"149\">13000<\/td>\n<\/tr>\n<tr>\n<td valign=\"top\" width=\"149\">\u00c1sv\u00e1nyi anyag egyens\u00faly<\/td>\n<td colspan=\"2\" valign=\"top\" width=\"149\">D<\/td>\n<td colspan=\"2\" valign=\"top\" width=\"149\">I.E<\/td>\n<td valign=\"top\" width=\"149\">1300<\/td>\n<\/tr>\n<tr>\n<td valign=\"top\" width=\"149\">Mozg\u00e1s, reprodukci\u00f3<\/td>\n<td colspan=\"2\" valign=\"top\" width=\"149\">E<\/td>\n<td colspan=\"2\" valign=\"top\" width=\"149\">mg<\/td>\n<td valign=\"top\" width=\"149\">150<\/td>\n<\/tr>\n<tr>\n<td valign=\"top\" width=\"149\">Idegrendszer, metabolikus energia<\/td>\n<td colspan=\"2\" valign=\"top\" width=\"149\">B1<\/td>\n<td colspan=\"2\" valign=\"top\" width=\"149\">mg<\/td>\n<td valign=\"top\" width=\"149\">10,0<\/td>\n<\/tr>\n<tr>\n<td valign=\"top\" width=\"149\">N\u00f6veked\u00e9s, em\u00e9szt\u00e9s<\/td>\n<td colspan=\"2\" valign=\"top\" width=\"149\">B2<\/td>\n<td colspan=\"2\" valign=\"top\" width=\"149\">mg<\/td>\n<td valign=\"top\" width=\"149\">15,0<\/td>\n<\/tr>\n<tr>\n<td valign=\"top\" width=\"149\">N\u00f6veked\u00e9s, izomfejl\u0151d\u00e9s, idegrendszer<\/td>\n<td colspan=\"2\" valign=\"top\" width=\"149\">B6<\/td>\n<td colspan=\"2\" valign=\"top\" width=\"149\">mg<\/td>\n<td valign=\"top\" width=\"149\">15,0<\/td>\n<\/tr>\n<tr>\n<td valign=\"top\" width=\"149\">V\u00e9rk\u00e9pz\u00e9s, n\u00f6veked\u00e9s, anyagcsere<\/td>\n<td colspan=\"2\" valign=\"top\" width=\"149\">B12<\/td>\n<td colspan=\"2\" valign=\"top\" width=\"149\">mcg<\/td>\n<td valign=\"top\" width=\"149\">70,0<\/td>\n<\/tr>\n<tr>\n<td valign=\"top\" width=\"149\">Immunrendszer,v\u00e9rk\u00e9pz\u00e9s<\/td>\n<td colspan=\"2\" valign=\"top\" width=\"149\">Folsav<\/td>\n<td colspan=\"2\" valign=\"top\" width=\"149\">mg<\/td>\n<td valign=\"top\" width=\"149\">4,0<\/td>\n<\/tr>\n<tr>\n<td valign=\"top\" width=\"149\">Ellen\u00e1ll\u00f3k\u00e9pess\u00e9g, anyagcsere<\/td>\n<td colspan=\"2\" valign=\"top\" width=\"149\">Ca-d- Pantoten\u00e1t<\/td>\n<td colspan=\"2\" valign=\"top\" width=\"149\">mg<\/td>\n<td valign=\"top\" width=\"149\">35,0<\/td>\n<\/tr>\n<tr>\n<td valign=\"top\" width=\"149\">B\u0151r, em\u00e9szt\u00e9s, metabolikus energia<\/td>\n<td colspan=\"2\" valign=\"top\" width=\"149\">Niacin<\/td>\n<td colspan=\"2\" valign=\"top\" width=\"149\">mg<\/td>\n<td valign=\"top\" width=\"149\">60,0<\/td>\n<\/tr>\n<tr>\n<td valign=\"top\" width=\"149\">Eg\u00e9szs\u00e9ges, f\u00e9nyl\u0151 sz\u0151rzet<\/td>\n<td colspan=\"2\" valign=\"top\" width=\"149\">Biotin<\/td>\n<td colspan=\"2\" valign=\"top\" width=\"149\">mcg<\/td>\n<td valign=\"top\" width=\"149\">650<\/td>\n<\/tr>\n<tr>\n<td colspan=\"6\" valign=\"top\" width=\"598\"><strong>Nyomelem\/ kg<\/strong><\/td>\n<\/tr>\n<tr>\n<td valign=\"top\" width=\"149\">V\u00e9rk\u00e9pz\u00e9s, l\u00e9gz\u00e9s<\/td>\n<td colspan=\"2\" valign=\"top\" width=\"149\">Vas<\/td>\n<td colspan=\"2\" valign=\"top\" width=\"149\">mg<\/td>\n<td valign=\"top\" width=\"149\">200<\/td>\n<\/tr>\n<tr>\n<td valign=\"top\" width=\"149\">Eg\u00e9szs\u00e9ges b\u0151r, l\u00e1t\u00e1s, anyagcsere<\/td>\n<td colspan=\"2\" valign=\"top\" width=\"149\">Cink<\/td>\n<td colspan=\"2\" valign=\"top\" width=\"149\">mg<\/td>\n<td valign=\"top\" width=\"149\">160<\/td>\n<\/tr>\n<tr>\n<td valign=\"top\" width=\"149\">F\u00e9nyes sz\u0151r, er\u0151s csontok, anyagcsere<\/td>\n<td colspan=\"2\" valign=\"top\" width=\"149\">Mang\u00e1n<\/td>\n<td colspan=\"2\" valign=\"top\" width=\"149\">mg<\/td>\n<td valign=\"top\" width=\"149\">16,0<\/td>\n<\/tr>\n<tr>\n<td valign=\"top\" width=\"149\">V\u00e9rk\u00e9pz\u00e9s, eg\u00e9szs\u00e9ges b\u0151r<\/td>\n<td colspan=\"2\" valign=\"top\" width=\"149\">R\u00e9z<\/td>\n<td colspan=\"2\" valign=\"top\" width=\"149\">mg<\/td>\n<td valign=\"top\" width=\"149\">20,0<\/td>\n<\/tr>\n<tr>\n<td valign=\"top\" width=\"149\">Thyroid<\/td>\n<td colspan=\"2\" valign=\"top\" width=\"149\">J\u00f3d<\/td>\n<td colspan=\"2\" valign=\"top\" width=\"149\">mg<\/td>\n<td valign=\"top\" width=\"149\">2,0<\/td>\n<\/tr>\n<tr>\n<td valign=\"top\" width=\"149\">V\u00e9rk\u00e9pz\u00e9s<\/td>\n<td colspan=\"2\" valign=\"top\" width=\"149\">Kobalt<\/td>\n<td colspan=\"2\" valign=\"top\" width=\"149\">mg<\/td>\n<td valign=\"top\" width=\"149\">0,25<\/td>\n<\/tr>\n<tr>\n<td valign=\"top\" width=\"149\">Izomzat<\/td>\n<td colspan=\"2\" valign=\"top\" width=\"149\">Szel\u00e9n<\/td>\n<td colspan=\"2\" valign=\"top\" width=\"149\">mg<\/td>\n<td valign=\"top\" width=\"149\">0,70<\/td>\n<\/tr>\n<\/tbody>\n<\/table>\n<p align=\"center\">\n<p align=\"center\">\n","protected":false},"excerpt":{"rendered":"<p>Az AKTIVE a t\u00f6k\u00e9letes v\u00e1laszt\u00e1s a nagy mozg\u00e1sig\u00e9ny\u0171 kuty\u00e1knak. A kukorica, h\u00fas \u00e9s rizs megfelel\u0151 ar\u00e1nya r\u00e9v\u00e9n k\u00f6nny\u0171, ugyanakkor a kutya minden ig\u00e9ny\u00e9t kiel\u00e9g\u00edt\u0151 t\u00e1pl\u00e1l\u00f3anyag- \u00e9s energiatartalm\u00fa etet\u00e9sre k\u00e9sz t\u00e1p. \u00d6sszet\u00e9tel:\u00a0baromfih\u00fasliszt (\u226525% csirkeh\u00fas), kukorica, rizs, kukoricaliszt, baromfizs\u00edr, r\u00e9pap\u00e9p, \u00e1sv\u00e1nyi anyagok &nbsp; Etet\u00e9si \u00fatmutat\u00f3 &nbsp; Kifejlett kori testt\u00f6meg Aj\u00e1nlott mennyis\u00e9g\/nap 5kg 90-110g 10kg 140-170g 20kg 210-270g &hellip; <\/p>\n<p><a class=\"more-link block-button\" href=\"https:\/\/luposan.d250.hu\/luposan\/josera\/josera-active\/\">Olvass tov\u00e1bb &raquo;<\/a><\/p>\n","protected":false},"author":1,"featured_media":707,"parent":372,"menu_order":3,"comment_status":"closed","ping_status":"closed","template":"","meta":[],"_links":{"self":[{"href":"https:\/\/luposan.d250.hu\/luposan\/wp-json\/wp\/v2\/pages\/641"}],"collection":[{"href":"https:\/\/luposan.d250.hu\/luposan\/wp-json\/wp\/v2\/pages"}],"about":[{"href":"https:\/\/luposan.d250.hu\/luposan\/wp-json\/wp\/v2\/types\/page"}],"author":[{"embeddable":true,"href":"https:\/\/luposan.d250.hu\/luposan\/wp-json\/wp\/v2\/users\/1"}],"replies":[{"embeddable":true,"href":"https:\/\/luposan.d250.hu\/luposan\/wp-json\/wp\/v2\/comments?post=641"}],"version-history":[{"count":9,"href":"https:\/\/luposan.d250.hu\/luposan\/wp-json\/wp\/v2\/pages\/641\/revisions"}],"predecessor-version":[{"id":793,"href":"https:\/\/luposan.d250.hu\/luposan\/wp-json\/wp\/v2\/pages\/641\/revisions\/793"}],"up":[{"embeddable":true,"href":"https:\/\/luposan.d250.hu\/luposan\/wp-json\/wp\/v2\/pages\/372"}],"wp:featuredmedia":[{"embeddable":true,"href":"https:\/\/luposan.d250.hu\/luposan\/wp-json\/wp\/v2\/media\/707"}],"wp:attachment":[{"href":"https:\/\/luposan.d250.hu\/luposan\/wp-json\/wp\/v2\/media?parent=641"}],"curies":[{"name":"wp","href":"https:\/\/api.w.org\/{rel}","templated":true}]}}