{"id":27,"date":"2012-02-10T18:12:47","date_gmt":"2012-02-10T18:12:47","guid":{"rendered":"http:\/\/luposan.d250.hu\/luposan\/?page_id=27"},"modified":"2012-02-23T22:57:37","modified_gmt":"2012-02-23T22:57:37","slug":"luposan-lupoderm-lecitin","status":"publish","type":"page","link":"https:\/\/luposan.d250.hu\/luposan\/termekek\/luposan-lupoderm-lecitin\/","title":{"rendered":"Lupoderm + Lecitin"},"content":{"rendered":"<h2 align=\"center\"><span style=\"color: #800000;\">\u00a0 \u00a0B\u0151r \u00e9s sz\u0151rzet regener\u00e1l\u00e1s\u00e1ra:<\/span><\/h2>\n<h3 style=\"text-align: center;\" align=\"left\"><span style=\"color: #800000;\">LUPODERM + LECITHIN<\/span><\/h3>\n<p><strong>\u00a0<\/strong><\/p>\n<p><strong>Az eg\u00e9szs\u00e9ges b\u0151r \u00e9s a csillog\u00f3 sz\u0151rzet el\u00e9r\u00e9s\u00e9hez<\/strong><\/p>\n<p>Tartalmaz minden l\u00e9tfontoss\u00e1g\u00fa tel\u00edtetlen zs\u00edrsavat (pl.: Omega 3, Omega 6 \u00e9s Lecithin).<\/p>\n<p>A <strong>LUPODERM<\/strong> <strong>\u2013<\/strong> el m\u00e1r h\u00e1rom-n\u00e9gy napos haszn\u00e1lat ut\u00e1n is l\u00e1that\u00f3 eredm\u00e9nyt<\/p>\n<p>\u00e9rhet\u00fcnk el!<\/p>\n<p>&nbsp;<\/p>\n<p><strong><span style=\"text-decoration: underline;\">Mit biztos\u00edt a LUPODERM?\u00a0<img loading=\"lazy\" class=\"alignright size-medium wp-image-555\" title=\"James Bond Dalido Tchibo\" src=\"http:\/\/luposan.d250.hu\/wp-content\/uploads\/2012\/02\/Ne2008_jb-300x234.jpg\" alt=\"\" width=\"300\" height=\"234\" srcset=\"https:\/\/luposan.d250.hu\/luposan\/wp-content\/uploads\/2012\/02\/Ne2008_jb-300x234.jpg 300w, https:\/\/luposan.d250.hu\/luposan\/wp-content\/uploads\/2012\/02\/Ne2008_jb.jpg 576w\" sizes=\"(max-width: 300px) 100vw, 300px\" \/><\/span><br \/>\nHA:<br \/>\n<\/strong>Csillog\u00f3 sz\u0151rzetet<br \/>\nEg\u00e9szs\u00e9ges, rugalmas b\u0151rt<br \/>\nA sz\u0151rhull\u00e1si peri\u00f3dus ler\u00f6vid\u00fcl\u00e9s\u00e9t<br \/>\nA pigmentek regener\u00e1l\u00f3d\u00e1s\u00e1t<br \/>\nA vitalit\u00e1s n\u00f6veked\u00e9s\u00e9t.\u00a0<strong><\/strong><\/p>\n<p><span style=\"text-decoration: underline;\">Mely esetekben aj\u00e1nlott?\u00a0<\/span><br \/>\nHA:<br \/>\nA sz\u0151rzet t\u00f6redezett, hullik<br \/>\nA sz\u0151rzet f\u00e9nytelen, gyenge<br \/>\nRossz a lehelet<br \/>\nB\u0151r irrit\u00e1ci\u00f3, vagy<br \/>\nKorp\u00e1s b\u0151r eset\u00e9n.<\/p>\n<p>&nbsp;<\/p>\n<p>A<strong> LUPODERM <\/strong>b\u0151r \u00e9s sz\u0151rzet regener\u00e1l\u00f3 folyamatos adagol\u00e1sa eg\u00e9sz \u00e9ven \u00e1t meg\u0151rzi az \u00e1llat b\u0151r\u00e9nek rugalmass\u00e1g\u00e1t, sz\u0151rzet\u00e9nek eg\u00e9szs\u00e9ges csillog\u00e1s\u00e1t, optim\u00e1lis \u00e1llapot\u00e1t.<\/p>\n<p>&nbsp;<\/p>\n<p><strong>Adagol\u00e1s:<br \/>\n<\/strong>A javasolt mennyis\u00e9get fecskend\u0151vel, vagy te\u00e1skan\u00e1lban kim\u00e9rve (= kb. 5 ml) az eledelre r\u00e1\u00f6nteni.<br \/>\n<strong><br \/>\nTartalmaz:<br \/>\n<\/strong>Olajsav, Lecithin, Lenolajsav, Palmitinsav, Sztearinsav, Linol\u00e9nsav, Glicerin,<br \/>\nArachidonsav<\/p>\n<p>&nbsp;<\/p>\n<p><img loading=\"lazy\" class=\"alignright size-medium wp-image-442\" title=\"lupoderm2\" src=\"http:\/\/luposan.d250.hu\/wp-content\/uploads\/2012\/02\/lupoderm2-300x214.png\" alt=\"\" width=\"240\" height=\"172\" srcset=\"https:\/\/luposan.d250.hu\/luposan\/wp-content\/uploads\/2012\/02\/lupoderm2-300x214.png 300w, https:\/\/luposan.d250.hu\/luposan\/wp-content\/uploads\/2012\/02\/lupoderm2.png 490w\" sizes=\"(max-width: 240px) 100vw, 240px\" \/><strong>100 ml vitamin tartalma:<\/strong><\/p>\n<p>A = 20.000 NE<br \/>\nD3 = 2.000 NE<br \/>\nE = 100 NE\u00a0<strong><\/strong><\/p>\n<p><strong>Napi adagol\u00e1s \u00e1llatfajonk\u00e9nt:<\/strong><br \/>\nMacska \u00e9s kistermet\u0171 kuty\u00e1k( 10kg alatt) 1 ml<br \/>\nKutya (10-30 kg) 3-5 ml<br \/>\nKutya ( 30 kg felett): 5-10 ml<br \/>\nL\u00f3: 10-15 ml<\/p>\n<p style=\"text-align: left;\" align=\"center\"><strong>Kiszerel\u00e9s:<\/strong> 250 ml, 500 ml \u00e9s 5000 ml<\/p>\n","protected":false},"excerpt":{"rendered":"<p>\u00a0 \u00a0B\u0151r \u00e9s sz\u0151rzet regener\u00e1l\u00e1s\u00e1ra: LUPODERM + LECITHIN \u00a0 Az eg\u00e9szs\u00e9ges b\u0151r \u00e9s a csillog\u00f3 sz\u0151rzet el\u00e9r\u00e9s\u00e9hez Tartalmaz minden l\u00e9tfontoss\u00e1g\u00fa tel\u00edtetlen zs\u00edrsavat (pl.: Omega 3, Omega 6 \u00e9s Lecithin). A LUPODERM \u2013 el m\u00e1r h\u00e1rom-n\u00e9gy napos haszn\u00e1lat ut\u00e1n is l\u00e1that\u00f3 eredm\u00e9nyt \u00e9rhet\u00fcnk el! &nbsp; Mit biztos\u00edt a LUPODERM?\u00a0 HA: Csillog\u00f3 sz\u0151rzetet Eg\u00e9szs\u00e9ges, rugalmas b\u0151rt A &hellip; <\/p>\n<p><a class=\"more-link block-button\" href=\"https:\/\/luposan.d250.hu\/luposan\/termekek\/luposan-lupoderm-lecitin\/\">Olvass tov\u00e1bb &raquo;<\/a><\/p>\n","protected":false},"author":1,"featured_media":322,"parent":7,"menu_order":5,"comment_status":"closed","ping_status":"closed","template":"","meta":[],"_links":{"self":[{"href":"https:\/\/luposan.d250.hu\/luposan\/wp-json\/wp\/v2\/pages\/27"}],"collection":[{"href":"https:\/\/luposan.d250.hu\/luposan\/wp-json\/wp\/v2\/pages"}],"about":[{"href":"https:\/\/luposan.d250.hu\/luposan\/wp-json\/wp\/v2\/types\/page"}],"author":[{"embeddable":true,"href":"https:\/\/luposan.d250.hu\/luposan\/wp-json\/wp\/v2\/users\/1"}],"replies":[{"embeddable":true,"href":"https:\/\/luposan.d250.hu\/luposan\/wp-json\/wp\/v2\/comments?post=27"}],"version-history":[{"count":15,"href":"https:\/\/luposan.d250.hu\/luposan\/wp-json\/wp\/v2\/pages\/27\/revisions"}],"predecessor-version":[{"id":558,"href":"https:\/\/luposan.d250.hu\/luposan\/wp-json\/wp\/v2\/pages\/27\/revisions\/558"}],"up":[{"embeddable":true,"href":"https:\/\/luposan.d250.hu\/luposan\/wp-json\/wp\/v2\/pages\/7"}],"wp:featuredmedia":[{"embeddable":true,"href":"https:\/\/luposan.d250.hu\/luposan\/wp-json\/wp\/v2\/media\/322"}],"wp:attachment":[{"href":"https:\/\/luposan.d250.hu\/luposan\/wp-json\/wp\/v2\/media?parent=27"}],"curies":[{"name":"wp","href":"https:\/\/api.w.org\/{rel}","templated":true}]}}