{"id":25,"date":"2012-02-10T18:11:07","date_gmt":"2012-02-10T18:11:07","guid":{"rendered":"http:\/\/luposan.d250.hu\/luposan\/?page_id=25"},"modified":"2012-02-23T20:05:22","modified_gmt":"2012-02-23T20:05:22","slug":"luposan-krauterkraft","status":"publish","type":"page","link":"https:\/\/luposan.d250.hu\/luposan\/termekek\/luposan-krauterkraft\/","title":{"rendered":"Kr\u00e4uterkraft 30"},"content":{"rendered":"<h1 style=\"text-align: center;\"><span style=\"color: #3d5c28;\">30 Gy\u00f3gyn\u00f6v\u00e9ny ereje<\/span><\/h1>\n<h5><\/h5>\n<p>&nbsp;<\/p>\n<p><img loading=\"lazy\" class=\"alignright size-medium wp-image-467\" title=\"gyogynovenyek\" src=\"http:\/\/luposan.d250.hu\/wp-content\/uploads\/2012\/02\/gyogynovenyek-300x199.jpg\" alt=\"\" width=\"300\" height=\"199\" srcset=\"https:\/\/luposan.d250.hu\/luposan\/wp-content\/uploads\/2012\/02\/gyogynovenyek-300x199.jpg 300w, https:\/\/luposan.d250.hu\/luposan\/wp-content\/uploads\/2012\/02\/gyogynovenyek.jpg 800w\" sizes=\"(max-width: 300px) 100vw, 300px\" \/><\/p>\n<h5>A Kr\u00e4uterkraft mire j\u00f3???<\/h5>\n<p>&nbsp;<\/p>\n<p>A<strong> LUPOSAN Kr\u00e4uterkraft 30<\/strong> adagol\u00e1s\u00e1val megval\u00f3s\u00edthat\u00f3 az optim\u00e1lis anyagcsere!<\/p>\n<p>A <strong>LUPOSAN Kr\u00e4uterkraft 30<\/strong> egyed\u00fcl\u00e1ll\u00f3 hat\u00f3anyagai, harminc k\u00fcl\u00f6nf\u00e9le gy\u00f3gyn\u00f6v\u00e9nyre \u00e9p\u00fclnek, tov\u00e1bb\u00e1 mikroalg\u00e1kb\u00f3l \u00e9s m\u00e1s kiv\u00e1l\u00f3 term\u00e9szetes \u00f6sszetev\u0151kb\u0151l \u00e1llnak<\/p>\n<div>\n<p>&nbsp;<\/p>\n<\/div>\n<p><strong><img loading=\"lazy\" class=\"alignleft size-full wp-image-469\" title=\"images (5)\" src=\"http:\/\/luposan.d250.hu\/wp-content\/uploads\/2012\/02\/images-5.jpg\" alt=\"\" width=\"225\" height=\"169\" \/>\u00c1sv\u00e1nyi anyagok:\u00a0<\/strong>Kalcium, foszfor, magn\u00e9zium, n\u00e1trium, kovasav stb.<\/p>\n<p><strong>Aminosavak:<\/strong>\u00a0Pl.: Methionin, Lysin, Cystin stb.<\/p>\n<p><strong>Nyomelemek:<\/strong>\u00a0J\u00f3d, vas, r\u00e9z, cink, szel\u00e9n, mang\u00e1n, kr\u00f3m, k\u00e1lium stb.<\/p>\n<p><strong>Vitaminok:\u00a0<\/strong>A, D, E, K, C, B1, B2, Biotin stb.<\/p>\n<p><strong>Tel\u00edtetlen zs\u00edrsavak:<\/strong>\u00a0Pl.: Omega 3 \u00e9s Omega 6<\/p>\n<p>&nbsp;<\/p>\n<p>&nbsp;<\/p>\n<h4 style=\"text-align: center;\"><strong>A vitalit\u00e1st fokoz\u00f3 term\u00e9szetes hat\u00f3anyag-komplex,\u00a0<\/strong><strong>a t\u00e1pl\u00e1l\u00e9kf\u00fcgg\u0151 hi\u00e1nyt\u00fcnetek megel\u0151z\u00e9s\u00e9re!<\/strong><\/h4>\n<p>&nbsp;<\/p>\n<p><strong>T\u00e1pl\u00e1l\u00e9kf\u00fcgg\u0151 hi\u00e1nyt\u00fcnet p\u00e9ld\u00e1ul:<\/strong><\/p>\n<p>Korp\u00e1s, beteg b\u0151r ~ F\u00e9nytelen, t\u00f6redezett sz\u0151rzet ~ Viszketegs\u00e9g ~ Sz\u0151rhull\u00e1s ~ Csontfejl\u0151d\u00e9si rendelleness\u00e9gek ~ Laza szalagok \u00e9s inak ~ N\u00f6veked\u00e9s zavarok ~ Em\u00e9szt\u00e9si zavarok.<\/p>\n<p>&nbsp;<\/p>\n<h4><span style=\"color: #800000;\">Figyelem!<\/span><\/h4>\n<p style=\"text-align: left;\"><span style=\"color: #800000;\"><strong>A LUPOSAN Kr\u00e4uterkraft 30, olyan a kuty\u00e1k sz\u00e1m\u00e1ra k\u00e9sz\u00edtett t\u00e1pl\u00e1l\u00e9k-kieg\u00e9sz\u00edt\u0151 k\u00e9sz\u00edtm\u00e9ny,<\/strong>\u00a0<strong>amely<\/strong>\u00a0<strong>valamennyi\u00a0<\/strong><strong>t\u00e1p em\u00e9szthet\u0151s\u00e9g\u00e9t \u00e9s hasznosul\u00e1s\u00e1t jav\u00edtja, m\u00e9g a legkiv\u00e1l\u00f3bbak\u00e9t is!<\/strong><\/span><\/p>\n<p style=\"text-align: left;\" align=\"center\"><span style=\"color: #800000;\"><strong>Mivel m\u00e9regtelen\u00edt\u0151 hat\u00e1s\u00fa!<\/strong><\/span><\/p>\n<p style=\"text-align: left;\" align=\"center\"><span style=\"color: #800000;\"><strong>&#8211; m\u00e1s m\u00e9regtelen\u00edt\u0151 k\u00e9sz\u00edtm\u00e9nyekhez hasonl\u00f3an -, etet\u00e9se id\u0151szakosan h\u00edgabb sz\u00e9klettel j\u00e1rhat!<\/strong><\/span><\/p>\n<p>&nbsp;<\/p>\n<p>A LUPOSAN Kr\u00e4uterkraft 30 takarm\u00e1ny-kieg\u00e9sz\u00edt\u0151 napi rendszeress\u00e9ggel az alaptakarm\u00e1nyba keverve:<\/p>\n<ul>\n<li><strong>\u00b7<\/strong><strong>Gondoskodik a t\u00e1panyagok jobb felsz\u00edv\u00f3d\u00e1s\u00e1r\u00f3l,<\/strong><\/li>\n<li><strong>\u00b7<\/strong><strong>Az eg\u00e9szs\u00e9ges csontfejl\u0151d\u00e9sr\u0151l \u00e9s az er\u0151s porcokr\u00f3l,<\/strong><\/li>\n<li><strong>\u00b7<\/strong><strong>A csillog\u00f3, eg\u00e9szs\u00e9gesen f\u00e9nyl\u0151 sz\u0151rzetr\u0151l,<\/strong><\/li>\n<li><strong>\u00b7<\/strong><strong>Az eg\u00e9szs\u00e9ges b\u0151rr\u0151l,<\/strong><\/li>\n<li><strong>\u00b7<\/strong><strong>Az optim\u00e1lis anyagcser\u00e9r\u0151l,<\/strong><\/li>\n<li><strong>\u00b7<\/strong><strong>Az em\u00e9szt\u00e9si csatorn\u00e1k kitiszt\u00edt\u00e1s\u00e1r\u00f3l, a b\u00e9lfl\u00f3ra egyens\u00falyban tart\u00e1s\u00e1r\u00f3l,<\/strong><\/li>\n<li><strong>\u00b7<\/strong><strong>A k\u00e1ros anyagoknak az em\u00e9szt\u00e9si csatorn\u00e1b\u00f3l t\u00f6rt\u00e9n\u0151 elsz\u00e1ll\u00edt\u00e1s\u00e1r\u00f3l,<\/strong><\/li>\n<li><strong>\u00b7<\/strong><strong>A b\u0171zmirigy term\u00e9szetes ki\u00fcr\u00fcl\u00e9s\u00e9r\u0151l,<\/strong><\/li>\n<li><strong>\u00b7<\/strong><strong>Az egy\u00e9ni ellen\u00e1ll\u00f3 k\u00e9pess\u00e9g er\u0151s\u00edt\u00e9s\u00e9r\u0151l<\/strong><\/li>\n<\/ul>\n<p><strong>\u00a0<\/strong><\/p>\n<h3><strong>A Kr\u00e4uterkraft ennyi mindenre j\u00f3!!!<\/strong><\/h3>\n<p>&nbsp;<\/p>\n<p><img loading=\"lazy\" class=\"alignright size-medium wp-image-436\" title=\"kreute1\" src=\"http:\/\/luposan.d250.hu\/wp-content\/uploads\/2012\/02\/kreute11-300x214.png\" alt=\"\" width=\"240\" height=\"172\" srcset=\"https:\/\/luposan.d250.hu\/luposan\/wp-content\/uploads\/2012\/02\/kreute11-300x214.png 300w, https:\/\/luposan.d250.hu\/luposan\/wp-content\/uploads\/2012\/02\/kreute11.png 490w\" sizes=\"(max-width: 240px) 100vw, 240px\" \/><\/p>\n<p><strong>\u00d6sszet\u00e9tel:<\/strong> \u00a0Gy\u00f3gyn\u00f6v\u00e9nykever\u00e9k, alg\u00e1k (\u00e9s mikroalg\u00e1k), magvak\u00a0Nyers protein 13,9 %<br \/>\nNyers rost 19,2 %<br \/>\nNyers zs\u00edr 10,8 %<br \/>\nNyershamu 29,4 %<br \/>\nNedvess\u00e9g 5,30 %<br \/>\nKalcium 12,0 %<br \/>\nFoszfor 0,40 %<br \/>\nN\u00e1trium 0,03 %\u00a0<strong><br \/>\n<\/strong><br \/>\n<strong>Aj\u00e1nlott mennyis\u00e9g:<\/strong><br \/>\n<span style=\"text-decoration: underline;\">K\u00f6lyk\u00f6knek:\u00a0<\/span>H\u00e1rom hetes kort\u00f3l napi 1 g\/tests\u00faly kg, am\u00edg el\u00e9rt\u00fck a maximumot, a 10 g-ot naponta<br \/>\n<span style=\"text-decoration: underline;\">Feln\u0151tt kuty\u00e1knak:<\/span> 1 g\/tests\u00faly kg, de nem t\u00f6bbet, mint 15 g-ot naponta<br \/>\n<span style=\"text-decoration: underline;\">Nagytest\u0171 fajt\u00e1knak:<\/span> (bern\u00e1thegyi): Maximum 25 g naponta<\/p>\n<p>(A dobozban egy 5 g-os m\u00e9r\u0151kan\u00e1l tal\u00e1lhat\u00f3)<\/p>\n<p><strong>Kaphat\u00f3:<\/strong> por alakban 500 g. \u00e9s 1000 g. (nett\u00f3) \u00e9s 200 db-os tabletta kiszerel\u00e9sben<br \/>\nSz\u00e1raz h\u0171v\u00f6s helyen tartand\u00f3!<\/p>\n","protected":false},"excerpt":{"rendered":"<p>30 Gy\u00f3gyn\u00f6v\u00e9ny ereje &nbsp; A Kr\u00e4uterkraft mire j\u00f3??? &nbsp; A LUPOSAN Kr\u00e4uterkraft 30 adagol\u00e1s\u00e1val megval\u00f3s\u00edthat\u00f3 az optim\u00e1lis anyagcsere! A LUPOSAN Kr\u00e4uterkraft 30 egyed\u00fcl\u00e1ll\u00f3 hat\u00f3anyagai, harminc k\u00fcl\u00f6nf\u00e9le gy\u00f3gyn\u00f6v\u00e9nyre \u00e9p\u00fclnek, tov\u00e1bb\u00e1 mikroalg\u00e1kb\u00f3l \u00e9s m\u00e1s kiv\u00e1l\u00f3 term\u00e9szetes \u00f6sszetev\u0151kb\u0151l \u00e1llnak &nbsp; \u00c1sv\u00e1nyi anyagok:\u00a0Kalcium, foszfor, magn\u00e9zium, n\u00e1trium, kovasav stb. Aminosavak:\u00a0Pl.: Methionin, Lysin, Cystin stb. Nyomelemek:\u00a0J\u00f3d, vas, r\u00e9z, cink, szel\u00e9n, mang\u00e1n, &hellip; <\/p>\n<p><a class=\"more-link block-button\" href=\"https:\/\/luposan.d250.hu\/luposan\/termekek\/luposan-krauterkraft\/\">Olvass tov\u00e1bb &raquo;<\/a><\/p>\n","protected":false},"author":1,"featured_media":318,"parent":7,"menu_order":4,"comment_status":"closed","ping_status":"closed","template":"","meta":[],"_links":{"self":[{"href":"https:\/\/luposan.d250.hu\/luposan\/wp-json\/wp\/v2\/pages\/25"}],"collection":[{"href":"https:\/\/luposan.d250.hu\/luposan\/wp-json\/wp\/v2\/pages"}],"about":[{"href":"https:\/\/luposan.d250.hu\/luposan\/wp-json\/wp\/v2\/types\/page"}],"author":[{"embeddable":true,"href":"https:\/\/luposan.d250.hu\/luposan\/wp-json\/wp\/v2\/users\/1"}],"replies":[{"embeddable":true,"href":"https:\/\/luposan.d250.hu\/luposan\/wp-json\/wp\/v2\/comments?post=25"}],"version-history":[{"count":23,"href":"https:\/\/luposan.d250.hu\/luposan\/wp-json\/wp\/v2\/pages\/25\/revisions"}],"predecessor-version":[{"id":428,"href":"https:\/\/luposan.d250.hu\/luposan\/wp-json\/wp\/v2\/pages\/25\/revisions\/428"}],"up":[{"embeddable":true,"href":"https:\/\/luposan.d250.hu\/luposan\/wp-json\/wp\/v2\/pages\/7"}],"wp:featuredmedia":[{"embeddable":true,"href":"https:\/\/luposan.d250.hu\/luposan\/wp-json\/wp\/v2\/media\/318"}],"wp:attachment":[{"href":"https:\/\/luposan.d250.hu\/luposan\/wp-json\/wp\/v2\/media?parent=25"}],"curies":[{"name":"wp","href":"https:\/\/api.w.org\/{rel}","templated":true}]}}